mon divisor of a and 416?
208
Suppose -4*m = -m + m. Let a = -1 - -3. Suppose 306 = -a*j + 3*j - k, m = -4*k. Calculate the greatest common divisor of j and 34.
34
Suppose -3*n + n = 5*n. Suppose n = 54*k - 51*k - 66. What is the highest common divisor of k and 2?
2
Let p = -13619 + 13652. What is the highest common factor of p and 1111?
11
Let i = 17 + -8. Suppose -343 = 2*k - i*k. Suppose 4*o + 15 = 2*f + 1, 5*f - 35 = 5*o. What is the highest common factor of f and k?
7
Let m = -232 + 268. Let a = 50 - m. Calculate the highest common factor of a and 1512.
14
Let s be (-42)/(0/2 - 1). Suppose -31*t + 23*t + 112 = 0. Suppose s*z + t = 44*z. What is the highest common factor of 1 and z?
1
Let z be 20/(-30) + (-70)/(-6). Let m be (-2 - -2)/(4 + -5). Let i be (m + -1 + 4)/((-105)/(-385)). Calculate the highest common factor of z and i.
11
Let q = -24059 - -24195. What is the highest common divisor of 14552 and q?
136
Suppose 13*x - 17*x = -2*r + 124, -r + 47 = x. Let s = 192 + 98. Let p = -160 + s. Calculate the highest common factor of p and r.
26
Let x = -3 + 14. Suppose 4*g - 9 - x = -2*c, -3 = 3*g. Let w be (102/9)/(2/c*2). Calculate the greatest common divisor of 136 and w.
34
Let r = -2819 - -3179. Calculate the highest common factor of 510 and r.
30
Suppose 4*j = y + 94, j + 21 = 2*j + y. Let s(b) = b**3 - 23*b**2 - 16. Let a be s(j). Let l = a + 59. Calculate the greatest common factor of l and 387.
43
Let x = -17131 - -25528. Calculate the greatest common divisor of 18 and x.
9
Let l(x) = 153*x**3 - 2*x**2 - x + 4. Let c be l(1). Suppose -20*u = -13*u - c. Suppose 165 = w + 2*w. Calculate the highest common factor of u and w.
11
Let m = -4 + 8. Let r be ((-16)/12 - (-52)/12)*-1. Let o be (-189)/(-36)*(-8)/r. What is the highest common divisor of o and m?
2
Suppose 22*u = 49*u + 1869 - 5136. Calculate the highest common divisor of 40535 and u.
121
Let w be (12/16)/((-28)/(-6048)). Calculate the highest common divisor of w and 15957.
81
Let s = 508 + -511. Let p be 123/(s/(-1))*11*1. What is the highest common factor of p and 82?
41
Let d = -6626 + 13259. Suppose 12*q = q + d. Calculate the greatest common factor of q and 67.
67
Let x = 210 + -44. Suppose -34 - x = -5*a. Suppose -417 + 120 = -5*k + i, 2*k + i - 123 = 0. What is the highest common factor of k and a?
20
Suppose 0 = 24565*b - 24577*b + 132. Calculate the greatest common factor of 8 and b.
1
Suppose 2*g - 20 = -5*d, -4*d + 52 = 3*g - 2*d. Let s(n) = n**2 + 26*n - 40. Let k be s(10). What is the greatest common factor of g and k?
20
Let h be ((-12)/(-15))/(2/30). Let w(i) = 3*i + 7. Let y be w(h). Calculate the highest common divisor of y and 344.
43
Let v(p) = -p + 47. Let c be v(0). Let d be -136*(21432/(-64))/57. What is the highest common factor of d and c?
47
Let r be (12*30/96)/(4 + 4216/(-1056)). Calculate the greatest common divisor of r and 765.
45
Let f(j) = 7502*j**3 + 4*j**2 - 2. Let s be f(1). What is the highest common factor of 28 and s?
28
Suppose -83*u - 8*u + 4600 = u. Let i be 1297/4 + 3/4. What is the highest common divisor of u and i?
25
Suppose 2*q = 5*w + 250, -5*q = 3*w + 2*w - 660. Suppose -2*p + 250 = 5*m, -141 = -3*m + 3*p - 6*p. Calculate the highest common divisor of q and m.
26
Let r be -5 - (-21 - -3 - -1). Let u be ((-105)/r - -8) + 234/(-8). Let j = -22 - u. Calculate the highest common factor of 48 and j.
8
Let a(c) = -1127*c - 7479. Let i be a(-9). What is the highest common factor of 144 and i?
72
Let p be -2 - ((-2247)/(-7) - 6). Let x = -222 - p. Calculate the greatest common factor of 76 and x.
19
Suppose -23*f - 525 = -40*f - 88*f. What is the highest common factor of f and 6465?
5
Let b be 4*(-24)/288 + (-1423)/(-3) + 2. Calculate the highest common factor of 28 and b.
28
Let t = 4888 + -4867. What is the highest common factor of 4137 and t?
21
Suppose 27*b - 2026 = 4022. What is the highest common factor of b and 175?
7
Let j be (-3)/(-7) - (1647/21 - 6). Let u = 12 - j. Let q be u/49*(0 + -2 + 9). What is the highest common divisor of 2 and q?
2
Suppose -2*f - 4*f = -318. Suppose 0*i = -5*i + 25, -i + 800 = 3*v. What is the greatest common divisor of v and f?
53
Let t(u) = u**2 + 190*u - 3959. Let b be t(19). Let p = 117 - 33. Calculate the highest common factor of p and b.
12
Suppose -17*m + 18*m = 2, 0 = 5*p - 3*m - 449. Let r(q) = 64*q + 24. Let f be r(11). Calculate the highest common divisor of f and p.
91
Let r(a) = 5*a**2 - 533*a - 95. Let m be r(107). What is the highest common divisor of 1836 and m?
17
Suppose 5*h + 11 = c, c + 5*h + 4 = 5. Let g be 10/15 - 4/(-3). What is the greatest common factor of c and g?
2
Let j be 378/108*(2 - 2/7) + -3. What is the highest common divisor of 300 and j?
3
Let z(v) = v**3 + 6*v**2 - 7*v - 23. Let p be z(-5). Suppose 12540 = p*k - 15*k. Calculate the highest common factor of 30 and k.
30
Suppose -3*h - 2*s = -286, 466 = 5*h - 2*s - 0*s. Let j = h - 82. Suppose a - 48 = 3*m, 5*a = -2*m - 0*m + 308. What is the highest common factor of a and j?
12
Let d(j) = -j**2 + 16*j - 7. Let k be d(8). Suppose 2*c + c = k. Let m = c - 9. What is the highest common factor of 4 and m?
2
Let u(x) = 5*x + 1. Suppose 3*j + 2*j = 0. Suppose j = 4*t - 2*b - 6 - 8, -13 = -3*t - b. Let i be u(t). Calculate the highest common divisor of 3 and i.
3
Let u be -3962*(-21)/441 - (-3)/9. What is the highest common factor of u and 924?
21
Let a(o) = 19*o**3 - 267*o**2 + 3*o + 169. Let c be a(14). Suppose 0 = 2*u - 35 - 235. What is the greatest common divisor of c and u?
15
Let f be 80/(-8 - (-210)/27). Let i = 558 + f. Calculate the highest common divisor of 11 and i.
11
Suppose 474 = 15*p + 324. What is the highest common divisor of 1790 and p?
10
Let f be (4 + 2)*((-25)/(-15) + 3). Suppose -f*j + 27*j = -16. Let g = 74 - 26. Calculate the highest common divisor of j and g.
16
Let t be 5 + 0 - (-66)/33*(-9)/18. Calculate the highest common factor of t and 498.
2
Let u(k) = -k**3 + 2*k**2 + 4*k + 88. Let n be u(0). Calculate the highest common factor of 1012 and n.
44
Let l(w) = w**2 + 72*w - 979. Let m be l(15). Calculate the greatest common factor of m and 74002.
326
Let n(d) = d**3 + 4*d**2 - 13*d + 1. Let c = -116 - -110. Let j be n(c). Suppose j*m = 4*m + 561. Calculate the highest common factor of 17 and m.
17
Suppose -547*m + 552*m - 2454 = 2*c, 3*m - 1482 = 6*c. Calculate the highest common factor of 42 and m.
14
Let d be (-4)/(-34) + (-3795)/(-255). Suppose -4*g + 5*g - 228 = 0. Let b = g + -63. What is the highest common divisor of d and b?
15
Suppose -8*h - 689 = -4*n + 7639, 5*n = -4*h + 10326. What is the greatest common divisor of 10 and n?
10
Let c be (234/8)/(72/96). Calculate the greatest common divisor of c and 273.
39
Suppose -2181 = -5*a + 2919. Suppose 6*z + a = 8*z. Suppose -3*v - z = -8*v. What is the greatest common divisor of v and 17?
17
Let z = -632 - -984. Let h be 436/40 + (123/30 - 4). Calculate the highest common factor of h and z.
11
Suppose -12*f + 10*f + 22 = 0. Suppose f*v = 26*v - 195. What is the highest common factor of v and 3?
1
Let p(c) = -c**2 + 30*c - 205. Let y be p(17). What is the greatest common divisor of 240 and y?
16
Suppose s = 4, 5*c = 5*s - 447 + 3652. Let z = -633 + c. What is the highest common divisor of 1236 and z?
12
Suppose 3*u + 9*c + 6 = 8*c, -2*c = -u - 2. Let m be (-60)/20 - 84/u. Calculate the highest common factor of 3 and m.
3
Suppose -4*l - 2760 = 7*l - 34*l. What is the greatest common divisor of 1410 and l?
30
Let c be 35 - (392/63 - 8 - 8/36). Calculate the highest common factor of 37 and c.
37
Suppose -3*u - 8*u + 282 = -1236. What is the greatest common factor of u and 2346?
138
Let h = 4633 - 3436. What is the highest common factor of h and 189?
63
Suppose 4*q - 55 = -a, -610 = 4*a + 4*q - 710. Suppose 0 = 3*i - 2*j - 1037, 2*i - 3*j = -0*i + 693. What is the highest common factor of a and i?
15
Let c = 93 - 85. Let o(t) = 8*t. Let x be o(13). What is the greatest common factor of c and x?
8
Suppose -8*b = -4*b - 20. Suppose -2*a = -5*k + 6 + b, 3*k - 5 = 2*a. Suppose k*i - 190 = 8. What is the highest common divisor of i and 6?
6
Suppose -4*s + 1438 = 2*m, -s = 4*s + 3*m - 1795. Let o = 114 + s. Calculate the greatest common divisor of o a